). Suppose -18*c + 23*c - 55 = x. What is the remainder when (42/10)/((-2)/(-10)) is divided by c?
10
Suppose -468 = -2*t - 0*m - 4*m, 0 = t + m - 239. Calculate the remainder when t is divided by 63.
55
Suppose -53 = -4*n - 5. Let s(m) = -m**2 - 2*m + 4. Let f be s(-4). Let q = f + n. What is the remainder when 15 is divided by q?
7
Suppose 2*d - 8 - 52 = 0. Let g(j) = 4*j**3 - 3*j**3 + 29*j**2 + 89 - 30*j**2 - j. What is the remainder when g(0) is divided by d?
29
Suppose 2*u + 12 = 8. Suppose -4*b = -5*x - 25, 3*b + 2*b = -3*x + 59. What is the remainder when (1 - b)/(u/14) is divided by 33?
30
Suppose 5*q = 36 + 24. Let g = -33 - -30. Let y(t) = -15*t + 2. What is the remainder when y(g) is divided by q?
11
Let x(a) = -9*a**3 + 4*a**2 - 2*a + 7. Calculate the remainder when x(-3) is divided by 75.
67
Suppose -1518*k + 1516*k = -30. Calculate the remainder when 2 - 1 - (2 - 89) is divided by k.
13
Let k = 78 + -77. What is the remainder when 21 is divided by -3 + (k - -2) + 12?
9
Let k(c) = -38*c + 52. Let d(i) = -7*i - 3. What is the remainder when d(-4) is divided by k(1)?
11
Suppose 1166 = 4*k + 1046. Let q = 151 - 63. Calculate the remainder when q is divided by k.
28
Let y(f) = f + 10. Let k be y(-8). Suppose 6*j + k = -4. Let w(v) = 9*v**2 + 2*v. What is the remainder when 26 is divided by w(j)?
5
Let q(s) = s**3 - 7*s**2 + 3*s + 4. What is the remainder when (-2)/(-23) + (-22701)/(-529) is divided by q(7)?
18
Let q(i) = i + 7. Let x be q(-7). Suppose 52 = 4*j + 4*t, 4*j + x*t - 58 = -2*t. Calculate the remainder when 46 is divided by j.
14
Let w(z) = -z + 34. Calculate the remainder when w(-5) is divided by 2.
1
Let o(t) = t**3 - 8*t**2 + 18*t - 8. Let a be o(4). Let l = 57 - a. What is the remainder when l is divided by 30?
27
Let d = -26 + 47. Let o(z) = z**2 - 6*z - 14. Let x be o(6). Let s = -3 - x. What is the remainder when d is divided by s?
10
Calculate the remainder when 189 is divided by 3 + (-93)/(-6) - (-8)/16.
18
Let p(f) be the second derivative of f**5/20 + f**4/2 + 4*f**3/3 + 3*f**2 + 41*f. Calculate the remainder when 34 is divided by p(-4).
4
Suppose 100*o - 236 = 96*o. What is the remainder when o is divided by 4?
3
Let k(a) = 59*a**3 - a**2 + 6*a - 7. Calculate the remainder when 397 is divided by k(1).
55
Let w = 291 + -252. Let j(z) = -4*z**2 + 3*z. Let y be j(2). Let n = y - -31. Calculate the remainder when w is divided by n.
18
Suppose 1 = 4*v + x, 3*v = 2*v - 2*x + 2. Suppose v = -2*z + 1 + 11. Suppose 3*q - 45 = -2*q. What is the remainder when q is divided by z?
3
Let l(o) = -3*o + 23. Let f be l(7). Suppose -2*d + h + 112 = f*d, -2*h - 56 = -2*d. Calculate the remainder when 82 is divided by d.
26
Let h be (-3 + -4 + 7)/(1 + -3). Suppose h = -d + 8 - 0. Calculate the remainder when d is divided by 2.
0
Suppose -3*q - 3 = -6*q - j, 5*j = 4*q - 4. Suppose -13 + q = -3*c. What is the remainder when 15 is divided by c?
3
Let a(h) = -7*h - 5. Suppose 4*i + 23 = 3. What is the remainder when a(i) is divided by (110/(-15) + 4)*(-12)/5?
6
What is the remainder when (2769/(-52))/((-15)/20) is divided by 19?
14
Let o = -44 - -428. Calculate the remainder when o is divided by 54.
6
Let q(u) = -2 + 10 - 16*u**2 - 6*u + 12*u**2 + 3*u**2. Let k = -14 - -29. What is the remainder when k is divided by q(-6)?
7
Suppose 4 - 1 = -3*a. Let x be 236/4 + (-1)/a. Suppose -r - 5*b = -38, -5*r + 2*b + x = b. What is the remainder when 38 is divided by r?
12
Let t = -5 - -4. Let x = t - -21. What is the remainder when x is divided by 8?
4
Let u = -182 + 218. Calculate the remainder when 717 is divided by u.
33
Suppose 2978*b + 441 = 2985*b. What is the remainder when 239 is divided by b?
50
Suppose 0 = -i, 0 = -3*d - 0*i + i + 30. Let o = d - -11. What is the remainder when 62 is divided by o?
20
Let f = -368 - -443. What is the remainder when f is divided by 15?
0
Let l(y) = 37*y + 23. Calculate the remainder when l(4) is divided by 35.
31
Let y = -288 + 318. What is the remainder when 38 is divided by y?
8
Suppose -606 = -19*u + 1484. Calculate the remainder when u is divided by 16.
14
What is the remainder when 20/(720/84)*(26 - -1) is divided by 37?
26
Let i = 645 - 630. What is the remainder when 70 is divided by i?
10
Let s = 5 - 0. Let v = 4 + s. Suppose -a = -22 + v. Calculate the remainder when 38 is divided by a.
12
Let q = -582 + 621. What is the remainder when q is divided by 16?
7
Let b(f) = 2*f**2 + 14*f + 22. Let t be b(-5). Suppose -4*x + 5*d - 55 = -7*x, -t*d = -4. What is the remainder when x is divided by -6*(1 + (-10)/4)?
6
Let y = -2 + 74. Calculate the remainder when y is divided by 19.
15
Let b(n) = -8*n - 6. Calculate the remainder when (-17)/((-24)/(-36) - 1) is divided by b(-4).
25
Suppose -5*b + b + 80 = -2*t, -5*b - 5*t = -85. Suppose i + 0*i + 43 = 4*l, -4*i = -2*l + 32. What is the remainder when b is divided by l?
9
Suppose -4*q - 5*s + 107 = 0, -4*s - 15 = -s. Suppose -5*g + 52 = -q. Let a = g + -5. Calculate the remainder when 45 is divided by a.
9
Let d(l) = 36*l**2 - 2*l + 1. Let g be d(-2). Let j = g - 97. Calculate the remainder when j is divided by 11.
8
Suppose 0 = 2*l, 4*t + l = 3*l + 132. Suppose 0 = 34*x - t*x - 41. Calculate the remainder when x is divided by 6.
5
Let l(p) = -p**2 + 13*p + 5. Calculate the remainder when 214 is divided by l(0).
4
Let d(g) = -36*g - 469. Calculate the remainder when d(-16) is divided by 36.
35
Suppose 5*a + 36 = 3*f, 0 = -17*f + 16*f + 4*a + 19. Calculate the remainder when 184 is divided by f.
2
Suppose h - 4*l = 4, -7*l + 4 = -3*l. Let i = -17 - -28. Calculate the remainder when i/(28/24 + (-2)/3) is divided by h.
6
Let q(t) = -t**3 + 68*t**2 + 74*t - 275. Calculate the remainder when q(69) is divided by 24.
22
Let s = 1251 + -564. What is the remainder when s is divided by 69?
66
Suppose 119*g - 125*g = -72. Calculate the remainder when 224 is divided by g.
8
Let z(a) = -a - 1. Let w be z(5). Let b(n) = n**2 - 25. Suppose r + 82 = 3*r. Calculate the remainder when r is divided by b(w).
8
Suppose 0*c + 3*c = 36. What is the remainder when 75 - ((-24)/(-8) + 2) is divided by c?
10
Let d(a) be the second derivative of -a**5/20 + 2*a**4/3 + 7*a**3/6 - 5*a**2 - 3*a - 1. Suppose m + m = 16. Calculate the remainder when d(m) is divided by 12.
10
Suppose 0 = 2*j + 4, -3*h - 2 = j - 6*j. Calculate the remainder when 351/18 - 2/h is divided by (-3)/(-12)*132/3.
9
Calculate the remainder when ((10 + -14)/(-4))/((-2)/(-226)) is divided by 40.
33
Suppose -2*c - 21 = -5*n - 9, 0 = n + 4*c - 20. Suppose -248 = -3*r - 2*v, 5*r = -0*v - n*v + 414. Calculate the remainder when r is divided by 21.
19
Let k(l) = 5*l**2 + 3*l + 10. Calculate the remainder when k(4) is divided by 36.
30
Let y be 14/((-4)/2 - 0). Let m = y - -6. Let n(r) = -35*r. What is the remainder when n(m) is divided by 12?
11
Let d = -23 + 25. Suppose -5*c + i + 46 = -40, d*c - 32 = i. What is the remainder when 51 is divided by c?
15
Let x = 18 + 7. Calculate the remainder when x is divided by 16/104 - ((-540)/(-13))/(-3).
11
Let k(u) = -u**2 + 6*u**3 + u**2 + 1 + 13*u**3. Let x be k(1). Calculate the remainder when (-10 + x)*(-1)/(-2) is divided by 3.
2
Suppose 6*h - h - 20 = 0, 5*a + 4*h = 151. Suppose -2*b + 9 = -3*x, -3*x + 6*x - a = -b. Calculate the remainder when 70 is divided by b.
10
Suppose -43*j = 4*j - 9635. What is the remainder when j is divided by 28?
9
Let y be (-1 + (-3 - -3))*-1. Calculate the remainder when 7 is divided by (5/(-2))/(y/(-2)).
2
Calculate the remainder when (26 - 33)*7/((-147)/60) is divided by 7.
6
Let o(u) = 6*u**2 - 2*u - 2. Suppose s = l + 2*l - 5, 4*s - 2*l = -10. What is the remainder when o(-2) is divided by (s*1)/((-5)/35)?
12
Let w = -5 - -8. What is the remainder when (9/(-18))/((-2)/64) is divided by w?
1
Let a(l) = 76*l - 1427. What is the remainder when 53 is divided by a(19)?
2
Let d(a) = 2*a**2 - 30*a - 4. Let m(w) = w**3 + 8*w**2 + 10*w + 9. Let i be m(-6). Calculate the remainder when d(i) is divided by 50.
48
Suppose 0 = -4*b + 1077 - 1001. Calculate the remainder when 24 is divided by b.
5
Let v(m) = m**2 - 14*m. Let b be v(8). Let j = b - -96. Let n = 299 - 289. Calculate the remainder when j is divided by n.
8
Let d(i) = 5*i + 12. Calculate th